{"id":1215,"date":"2017-12-20T13:07:50","date_gmt":"2017-12-20T12:07:50","guid":{"rendered":"https:\/\/beade.es\/concello\/saudo-do-alcalde\/"},"modified":"2023-09-26T13:42:36","modified_gmt":"2023-09-26T11:42:36","slug":"saudo-do-alcalde","status":"publish","type":"page","link":"https:\/\/beade.es\/es\/concello\/saudo-do-alcalde\/","title":{"rendered":"Saludo del alcalde"},"content":{"rendered":"<p>[vc_row][vc_column width=\u00bb2\/3&#8243;][vc_column_text]Es para m\u00ed una honra y una gran responsabilidad estar al frente del Gobierno Local de Beade durante los pr\u00f3ximos cuatro a\u00f1os. Nuestro principal objetivo durante este tiempo ser\u00e1 que todos los vecinos y vecinas del municipio sientan que el Ayuntamiento es su casa, un lugar donde trataremos de dar soluci\u00f3n a sus demandas, un punto de encuentro donde hacer de Beade una localidad a\u00fan mejor para vivir, siempre de manera participativa, contando con la opini\u00f3n de la ciudadan\u00eda.<\/p>\n<p>Para esto se hacen m\u00e1s necesarias que nunca todos los canales de comunicaci\u00f3n posibles, portales a trav\u00e9s de los que dar cumplida cuenta de nuestro trabajo y trasladar la informaci\u00f3n de mayor utilidad para el vecindario. El Ayuntamiento en general, y yo como alcalde en particular, queremos escucharos.<\/p>\n<p>As\u00ed que, con estas premisas, os damos la bienvenida nuestra p\u00e1gina web, un nexo m\u00e1s entre la ciudadan\u00eda y Ayuntamiento y una ventana para aquellos que se quieran aportar a conocernos. Tenemos mucho que ofreceros. Recordaros tambi\u00e9n que pod\u00e9is seguir toda actualidad a trav\u00e9s de la p\u00e1gina de Facebook Ayuntamiento de Beade.<\/p>\n<p>En nuestras manos, en las de todos, est\u00e1 luchar porque vivir en el rural no suponga una utop\u00eda, por contar con las mismas oportunidades y frenar la crisis demogr\u00e1fica que nos asola. Porque el futuro de los 300 vecinos de Beade importa tanto como lo de los 300.000 de una gran ciudad.<\/p>\n<p>Bienvenidos, bienvenidas, y gracias una vez m\u00e1s por la confianza depositada.<\/p>\n<p>Fernando Taboada[\/vc_column_text][\/vc_column][vc_column width=\u00bb1\/3&#8243;][vc_single_image image=\u00bb1137&#8243; alignment=\u00bbcenter\u00bb][\/vc_column][\/vc_row]\n","protected":false},"excerpt":{"rendered":"<p>[vc_row][vc_column width=\u00bb2\/3&#8243;][vc_column_text]Es para m\u00ed una honra y una gran responsabilidad estar al frente del Gobierno Local de Beade durante los pr\u00f3ximos cuatro a\u00f1os. Nuestro principal objetivo durante este tiempo ser\u00e1 que todos los vecinos y vecinas del municipio sientan que el Ayuntamiento es su casa, un lugar donde trataremos de dar soluci\u00f3n a sus demandas, [&hellip;]<\/p>\n","protected":false},"author":2,"featured_media":0,"parent":714,"menu_order":1,"comment_status":"closed","ping_status":"closed","template":"","meta":[],"yoast_head":"<!-- This site is optimized with the Yoast SEO plugin v20.10 - https:\/\/yoast.com\/wordpress\/plugins\/seo\/ -->\n<title>Saludo del alcalde | Concello de Beade<\/title>\n<meta name=\"robots\" content=\"index, follow, max-snippet:-1, max-image-preview:large, max-video-preview:-1\" \/>\n<link rel=\"canonical\" href=\"https:\/\/beade.es\/es\/concello\/saudo-do-alcalde\/\" \/>\n<meta property=\"og:locale\" content=\"es_ES\" \/>\n<meta property=\"og:type\" content=\"article\" \/>\n<meta property=\"og:title\" content=\"Saludo del alcalde | Concello de Beade\" \/>\n<meta property=\"og:description\" content=\"[vc_row][vc_column width=\u00bb2\/3&#8243;][vc_column_text]Es para m\u00ed una honra y una gran responsabilidad estar al frente del Gobierno Local de Beade durante los pr\u00f3ximos cuatro a\u00f1os. Nuestro principal objetivo durante este tiempo ser\u00e1 que todos los vecinos y vecinas del municipio sientan que el Ayuntamiento es su casa, un lugar donde trataremos de dar soluci\u00f3n a sus demandas, [&hellip;]\" \/>\n<meta property=\"og:url\" content=\"https:\/\/beade.es\/es\/concello\/saudo-do-alcalde\/\" \/>\n<meta property=\"og:site_name\" content=\"Concello de Beade\" \/>\n<meta property=\"article:modified_time\" content=\"2023-09-26T11:42:36+00:00\" \/>\n<meta name=\"twitter:card\" content=\"summary_large_image\" \/>\n<meta name=\"twitter:label1\" content=\"Tiempo de lectura\" \/>\n\t<meta name=\"twitter:data1\" content=\"2 minutos\" \/>\n<script type=\"application\/ld+json\" class=\"yoast-schema-graph\">{\"@context\":\"https:\/\/schema.org\",\"@graph\":[{\"@type\":\"WebPage\",\"@id\":\"https:\/\/beade.es\/es\/concello\/saudo-do-alcalde\/\",\"url\":\"https:\/\/beade.es\/es\/concello\/saudo-do-alcalde\/\",\"name\":\"Saludo del alcalde | Concello de Beade\",\"isPartOf\":{\"@id\":\"https:\/\/beade.es\/#website\"},\"datePublished\":\"2017-12-20T12:07:50+00:00\",\"dateModified\":\"2023-09-26T11:42:36+00:00\",\"breadcrumb\":{\"@id\":\"https:\/\/beade.es\/es\/concello\/saudo-do-alcalde\/#breadcrumb\"},\"inLanguage\":\"es\",\"potentialAction\":[{\"@type\":\"ReadAction\",\"target\":[\"https:\/\/beade.es\/es\/concello\/saudo-do-alcalde\/\"]}]},{\"@type\":\"BreadcrumbList\",\"@id\":\"https:\/\/beade.es\/es\/concello\/saudo-do-alcalde\/#breadcrumb\",\"itemListElement\":[{\"@type\":\"ListItem\",\"position\":1,\"name\":\"Portada\",\"item\":\"https:\/\/beade.es\/es\/frontpage\/\"},{\"@type\":\"ListItem\",\"position\":2,\"name\":\"Ayuntamiento\",\"item\":\"https:\/\/beade.es\/es\/concello\/\"},{\"@type\":\"ListItem\",\"position\":3,\"name\":\"Saludo del alcalde\"}]},{\"@type\":\"WebSite\",\"@id\":\"https:\/\/beade.es\/#website\",\"url\":\"https:\/\/beade.es\/\",\"name\":\"Concello de Beade\",\"description\":\"P\u00e1xina oficial do Concello de Beade\",\"publisher\":{\"@id\":\"https:\/\/beade.es\/#organization\"},\"potentialAction\":[{\"@type\":\"SearchAction\",\"target\":{\"@type\":\"EntryPoint\",\"urlTemplate\":\"https:\/\/beade.es\/?s={search_term_string}\"},\"query-input\":\"required name=search_term_string\"}],\"inLanguage\":\"es\"},{\"@type\":\"Organization\",\"@id\":\"https:\/\/beade.es\/#organization\",\"name\":\"Concello de Beade\",\"url\":\"https:\/\/beade.es\/\",\"logo\":{\"@type\":\"ImageObject\",\"inLanguage\":\"es\",\"@id\":\"https:\/\/beade.es\/#\/schema\/logo\/image\/\",\"url\":\"https:\/\/beade.es\/wp-content\/uploads\/2018\/01\/logo-beade.png\",\"contentUrl\":\"https:\/\/beade.es\/wp-content\/uploads\/2018\/01\/logo-beade.png\",\"width\":380,\"height\":110,\"caption\":\"Concello de Beade\"},\"image\":{\"@id\":\"https:\/\/beade.es\/#\/schema\/logo\/image\/\"}}]}<\/script>\n<!-- \/ Yoast SEO plugin. -->","yoast_head_json":{"title":"Saludo del alcalde | Concello de Beade","robots":{"index":"index","follow":"follow","max-snippet":"max-snippet:-1","max-image-preview":"max-image-preview:large","max-video-preview":"max-video-preview:-1"},"canonical":"https:\/\/beade.es\/es\/concello\/saudo-do-alcalde\/","og_locale":"es_ES","og_type":"article","og_title":"Saludo del alcalde | Concello de Beade","og_description":"[vc_row][vc_column width=\u00bb2\/3&#8243;][vc_column_text]Es para m\u00ed una honra y una gran responsabilidad estar al frente del Gobierno Local de Beade durante los pr\u00f3ximos cuatro a\u00f1os. Nuestro principal objetivo durante este tiempo ser\u00e1 que todos los vecinos y vecinas del municipio sientan que el Ayuntamiento es su casa, un lugar donde trataremos de dar soluci\u00f3n a sus demandas, [&hellip;]","og_url":"https:\/\/beade.es\/es\/concello\/saudo-do-alcalde\/","og_site_name":"Concello de Beade","article_modified_time":"2023-09-26T11:42:36+00:00","twitter_card":"summary_large_image","twitter_misc":{"Tiempo de lectura":"2 minutos"},"schema":{"@context":"https:\/\/schema.org","@graph":[{"@type":"WebPage","@id":"https:\/\/beade.es\/es\/concello\/saudo-do-alcalde\/","url":"https:\/\/beade.es\/es\/concello\/saudo-do-alcalde\/","name":"Saludo del alcalde | Concello de Beade","isPartOf":{"@id":"https:\/\/beade.es\/#website"},"datePublished":"2017-12-20T12:07:50+00:00","dateModified":"2023-09-26T11:42:36+00:00","breadcrumb":{"@id":"https:\/\/beade.es\/es\/concello\/saudo-do-alcalde\/#breadcrumb"},"inLanguage":"es","potentialAction":[{"@type":"ReadAction","target":["https:\/\/beade.es\/es\/concello\/saudo-do-alcalde\/"]}]},{"@type":"BreadcrumbList","@id":"https:\/\/beade.es\/es\/concello\/saudo-do-alcalde\/#breadcrumb","itemListElement":[{"@type":"ListItem","position":1,"name":"Portada","item":"https:\/\/beade.es\/es\/frontpage\/"},{"@type":"ListItem","position":2,"name":"Ayuntamiento","item":"https:\/\/beade.es\/es\/concello\/"},{"@type":"ListItem","position":3,"name":"Saludo del alcalde"}]},{"@type":"WebSite","@id":"https:\/\/beade.es\/#website","url":"https:\/\/beade.es\/","name":"Concello de Beade","description":"P\u00e1xina oficial do Concello de Beade","publisher":{"@id":"https:\/\/beade.es\/#organization"},"potentialAction":[{"@type":"SearchAction","target":{"@type":"EntryPoint","urlTemplate":"https:\/\/beade.es\/?s={search_term_string}"},"query-input":"required name=search_term_string"}],"inLanguage":"es"},{"@type":"Organization","@id":"https:\/\/beade.es\/#organization","name":"Concello de Beade","url":"https:\/\/beade.es\/","logo":{"@type":"ImageObject","inLanguage":"es","@id":"https:\/\/beade.es\/#\/schema\/logo\/image\/","url":"https:\/\/beade.es\/wp-content\/uploads\/2018\/01\/logo-beade.png","contentUrl":"https:\/\/beade.es\/wp-content\/uploads\/2018\/01\/logo-beade.png","width":380,"height":110,"caption":"Concello de Beade"},"image":{"@id":"https:\/\/beade.es\/#\/schema\/logo\/image\/"}}]}},"_links":{"self":[{"href":"https:\/\/beade.es\/es\/wp-json\/wp\/v2\/pages\/1215"}],"collection":[{"href":"https:\/\/beade.es\/es\/wp-json\/wp\/v2\/pages"}],"about":[{"href":"https:\/\/beade.es\/es\/wp-json\/wp\/v2\/types\/page"}],"author":[{"embeddable":true,"href":"https:\/\/beade.es\/es\/wp-json\/wp\/v2\/users\/2"}],"replies":[{"embeddable":true,"href":"https:\/\/beade.es\/es\/wp-json\/wp\/v2\/comments?post=1215"}],"version-history":[{"count":2,"href":"https:\/\/beade.es\/es\/wp-json\/wp\/v2\/pages\/1215\/revisions"}],"predecessor-version":[{"id":1217,"href":"https:\/\/beade.es\/es\/wp-json\/wp\/v2\/pages\/1215\/revisions\/1217"}],"up":[{"embeddable":true,"href":"https:\/\/beade.es\/es\/wp-json\/wp\/v2\/pages\/714"}],"wp:attachment":[{"href":"https:\/\/beade.es\/es\/wp-json\/wp\/v2\/media?parent=1215"}],"curies":[{"name":"wp","href":"https:\/\/api.w.org\/{rel}","templated":true}]}}

<p>[vc_row][vc_column width=»2/3&#8243;][vc_column_text]Es para mí una honra y una gran responsabilidad estar al frente del Gobierno Local de Beade durante los próximos cuatro años. Nuestro principal objetivo durante este tiempo será que todos los vecinos y vecinas del municipio sientan que el Ayuntamiento es su casa, un lugar donde trataremos de dar solución a sus demandas, un punto de encuentro donde hacer de Beade una localidad aún mejor para vivir, siempre de manera participativa, contando con la opinión de la ciudadanía.</p>
<p>Para esto se hacen más necesarias que nunca todos los canales de comunicación posibles, portales a través de los que dar cumplida cuenta de nuestro trabajo y trasladar la información de mayor utilidad para el vecindario. El Ayuntamiento en general, y yo como alcalde en particular, queremos escucharos.</p>
<p>Así que, con estas premisas, os damos la bienvenida nuestra página web, un nexo más entre la ciudadanía y Ayuntamiento y una ventana para aquellos que se quieran aportar a conocernos. Tenemos mucho que ofreceros. Recordaros también que podéis seguir toda actualidad a través de la página de Facebook Ayuntamiento de Beade.</p>
<p>En nuestras manos, en las de todos, está luchar porque vivir en el rural no suponga una utopía, por contar con las mismas oportunidades y frenar la crisis demográfica que nos asola. Porque el futuro de los 300 vecinos de Beade importa tanto como lo de los 300.000 de una gran ciudad.</p>
<p>Bienvenidos, bienvenidas, y gracias una vez más por la confianza depositada.</p>
<p>Fernando Taboada[/vc_column_text][/vc_column][vc_column width=»1/3&#8243;][vc_single_image image=»1137&#8243; alignment=»center»][/vc_column][/vc_row]

<p>[vc_row][vc_column width=»2/3&#8243;][vc_column_text]Es para mí una honra y una gran responsabilidad estar al frente del Gobierno Local de Beade durante los próximos cuatro años. Nuestro principal objetivo durante este tiempo será que todos los vecinos y vecinas del municipio sientan que el Ayuntamiento es su casa, un lugar donde trataremos de dar solución a sus demandas, [&hellip;]</p>

<!-- This site is optimized with the Yoast SEO plugin v20.10 - https://yoast.com/wordpress/plugins/seo/ -->
<title>Saludo del alcalde | Concello de Beade</title>
<meta name="robots" content="index, follow, max-snippet:-1, max-image-preview:large, max-video-preview:-1" />
<link rel="canonical" href="https://beade.es/es/concello/saudo-do-alcalde/" />
<meta property="og:locale" content="es_ES" />
<meta property="og:type" content="article" />
<meta property="og:title" content="Saludo del alcalde | Concello de Beade" />
<meta property="og:description" content="[vc_row][vc_column width=»2/3&#8243;][vc_column_text]Es para mí una honra y una gran responsabilidad estar al frente del Gobierno Local de Beade durante los próximos cuatro años. Nuestro principal objetivo durante este tiempo será que todos los vecinos y vecinas del municipio sientan que el Ayuntamiento es su casa, un lugar donde trataremos de dar solución a sus demandas, [&hellip;]" />
<meta property="og:url" content="https://beade.es/es/concello/saudo-do-alcalde/" />
<meta property="og:site_name" content="Concello de Beade" />
<meta property="article:modified_time" content="2023-09-26T11:42:36+00:00" />
<meta name="twitter:card" content="summary_large_image" />
<meta name="twitter:label1" content="Tiempo de lectura" />
	<meta name="twitter:data1" content="2 minutos" />
<script type="application/ld+json" class="yoast-schema-graph">{"@context":"https://schema.org","@graph":[{"@type":"WebPage","@id":"https://beade.es/es/concello/saudo-do-alcalde/","url":"https://beade.es/es/concello/saudo-do-alcalde/","name":"Saludo del alcalde | Concello de Beade","isPartOf":{"@id":"https://beade.es/#website"},"datePublished":"2017-12-20T12:07:50+00:00","dateModified":"2023-09-26T11:42:36+00:00","breadcrumb":{"@id":"https://beade.es/es/concello/saudo-do-alcalde/#breadcrumb"},"inLanguage":"es","potentialAction":[{"@type":"ReadAction","target":["https://beade.es/es/concello/saudo-do-alcalde/"]}]},{"@type":"BreadcrumbList","@id":"https://beade.es/es/concello/saudo-do-alcalde/#breadcrumb","itemListElement":[{"@type":"ListItem","position":1,"name":"Portada","item":"https://beade.es/es/frontpage/"},{"@type":"ListItem","position":2,"name":"Ayuntamiento","item":"https://beade.es/es/concello/"},{"@type":"ListItem","position":3,"name":"Saludo del alcalde"}]},{"@type":"WebSite","@id":"https://beade.es/#website","url":"https://beade.es/","name":"Concello de Beade","description":"Páxina oficial do Concello de Beade","publisher":{"@id":"https://beade.es/#organization"},"potentialAction":[{"@type":"SearchAction","target":{"@type":"EntryPoint","urlTemplate":"https://beade.es/?s={search_term_string}"},"query-input":"required name=search_term_string"}],"inLanguage":"es"},{"@type":"Organization","@id":"https://beade.es/#organization","name":"Concello de Beade","url":"https://beade.es/","logo":{"@type":"ImageObject","inLanguage":"es","@id":"https://beade.es/#/schema/logo/image/","url":"https://beade.es/wp-content/uploads/2018/01/logo-beade.png","contentUrl":"https://beade.es/wp-content/uploads/2018/01/logo-beade.png","width":380,"height":110,"caption":"Concello de Beade"},"image":{"@id":"https://beade.es/#/schema/logo/image/"}}]}</script>
<!-- / Yoast SEO plugin. -->

[vc_row][vc_column width=»2/3&#8243;][vc_column_text]Es para mí una honra y una gran responsabilidad estar al frente del Gobierno Local de Beade durante los próximos cuatro años. Nuestro principal objetivo durante este tiempo será que todos los vecinos y vecinas del municipio sientan que el Ayuntamiento es su casa, un lugar donde trataremos de dar solución a sus demandas, [&hellip;]

Páxina oficial do Concello de Beade
