{"id":789,"date":"2017-01-31T20:06:18","date_gmt":"2017-01-31T19:06:18","guid":{"rendered":"http:\/\/beade.es\/documentos\/taxa-de-depuracion-de-augas-residuais\/"},"modified":"2018-02-02T17:37:17","modified_gmt":"2018-02-02T16:37:17","slug":"taxa-de-depuracion-de-augas-residuais","status":"publish","type":"lsvr_document","link":"https:\/\/beade.es\/es\/documentos\/taxa-de-depuracion-de-augas-residuais\/","title":{"rendered":"Tasa de depuraci\u00f3n de aguas residuales"},"content":{"rendered":"<p>Ordenanza reguladora de la tasa de depuracio\u0301n de aguas residuales.<\/p>\n<p><strong>Tarifas:<\/strong><\/p>\n<ul>\n<li>Conexio\u0301n red de saneameinto: 630,00 euros<\/li>\n<\/ul>\n<p>a) Uso dome\u0301stico: 0&#8217;20 euros\/m3<\/p>\n<p>b) Uso industrial: 0&#8217;45 euros\/m3<\/p>\n<p>c) Abonados de saneamiento que no lo sean de abastecemiento y que est\u00e9n conectados al EDAR, colector o cualquier tuber\u00eda de alcantarillado, se aplicar\u00e1n mensualmente las siguientes cantidades fijas.<\/p>\n<ul>\n<li>Uso dome\u0301stico: 3 euros\/mes<\/li>\n<li>Uso industrial: 8 euros\/mes<\/li>\n<\/ul>\n<p>&nbsp;<\/p>\n","protected":false},"excerpt":{"rendered":"<p>&#8211;<\/p>\n","protected":false},"template":"","meta":[],"lsvr_document_cat":[25],"lsvr_document_tag":[],"yoast_head":"<!-- This site is optimized with the Yoast SEO plugin v20.10 - https:\/\/yoast.com\/wordpress\/plugins\/seo\/ -->\n<title>Tasa de depuraci\u00f3n de aguas residuales | Concello de Beade<\/title>\n<meta name=\"robots\" content=\"index, follow, max-snippet:-1, max-image-preview:large, max-video-preview:-1\" \/>\n<link rel=\"canonical\" href=\"https:\/\/beade.es\/es\/documentos\/taxa-de-depuracion-de-augas-residuais\/\" \/>\n<meta property=\"og:locale\" content=\"es_ES\" \/>\n<meta property=\"og:type\" content=\"article\" \/>\n<meta property=\"og:title\" content=\"Tasa de depuraci\u00f3n de aguas residuales | Concello de Beade\" \/>\n<meta property=\"og:description\" content=\"-\" \/>\n<meta property=\"og:url\" content=\"https:\/\/beade.es\/es\/documentos\/taxa-de-depuracion-de-augas-residuais\/\" \/>\n<meta property=\"og:site_name\" content=\"Concello de Beade\" \/>\n<meta property=\"article:modified_time\" content=\"2018-02-02T16:37:17+00:00\" \/>\n<meta name=\"twitter:card\" content=\"summary_large_image\" \/>\n<script type=\"application\/ld+json\" class=\"yoast-schema-graph\">{\"@context\":\"https:\/\/schema.org\",\"@graph\":[{\"@type\":\"WebPage\",\"@id\":\"https:\/\/beade.es\/es\/documentos\/taxa-de-depuracion-de-augas-residuais\/\",\"url\":\"https:\/\/beade.es\/es\/documentos\/taxa-de-depuracion-de-augas-residuais\/\",\"name\":\"Tasa de depuraci\u00f3n de aguas residuales | Concello de Beade\",\"isPartOf\":{\"@id\":\"https:\/\/beade.es\/#website\"},\"datePublished\":\"2017-01-31T19:06:18+00:00\",\"dateModified\":\"2018-02-02T16:37:17+00:00\",\"breadcrumb\":{\"@id\":\"https:\/\/beade.es\/es\/documentos\/taxa-de-depuracion-de-augas-residuais\/#breadcrumb\"},\"inLanguage\":\"es\",\"potentialAction\":[{\"@type\":\"ReadAction\",\"target\":[\"https:\/\/beade.es\/es\/documentos\/taxa-de-depuracion-de-augas-residuais\/\"]}]},{\"@type\":\"BreadcrumbList\",\"@id\":\"https:\/\/beade.es\/es\/documentos\/taxa-de-depuracion-de-augas-residuais\/#breadcrumb\",\"itemListElement\":[{\"@type\":\"ListItem\",\"position\":1,\"name\":\"Portada\",\"item\":\"https:\/\/beade.es\/es\/frontpage\/\"},{\"@type\":\"ListItem\",\"position\":2,\"name\":\"Documentos\",\"item\":\"https:\/\/beade.es\/documentos\/\"},{\"@type\":\"ListItem\",\"position\":3,\"name\":\"Tasa de depuraci\u00f3n de aguas residuales\"}]},{\"@type\":\"WebSite\",\"@id\":\"https:\/\/beade.es\/#website\",\"url\":\"https:\/\/beade.es\/\",\"name\":\"Concello de Beade\",\"description\":\"P\u00e1xina oficial do Concello de Beade\",\"publisher\":{\"@id\":\"https:\/\/beade.es\/#organization\"},\"potentialAction\":[{\"@type\":\"SearchAction\",\"target\":{\"@type\":\"EntryPoint\",\"urlTemplate\":\"https:\/\/beade.es\/?s={search_term_string}\"},\"query-input\":\"required name=search_term_string\"}],\"inLanguage\":\"es\"},{\"@type\":\"Organization\",\"@id\":\"https:\/\/beade.es\/#organization\",\"name\":\"Concello de Beade\",\"url\":\"https:\/\/beade.es\/\",\"logo\":{\"@type\":\"ImageObject\",\"inLanguage\":\"es\",\"@id\":\"https:\/\/beade.es\/#\/schema\/logo\/image\/\",\"url\":\"https:\/\/beade.es\/wp-content\/uploads\/2018\/01\/logo-beade.png\",\"contentUrl\":\"https:\/\/beade.es\/wp-content\/uploads\/2018\/01\/logo-beade.png\",\"width\":380,\"height\":110,\"caption\":\"Concello de Beade\"},\"image\":{\"@id\":\"https:\/\/beade.es\/#\/schema\/logo\/image\/\"}}]}<\/script>\n<!-- \/ Yoast SEO plugin. -->","yoast_head_json":{"title":"Tasa de depuraci\u00f3n de aguas residuales | Concello de Beade","robots":{"index":"index","follow":"follow","max-snippet":"max-snippet:-1","max-image-preview":"max-image-preview:large","max-video-preview":"max-video-preview:-1"},"canonical":"https:\/\/beade.es\/es\/documentos\/taxa-de-depuracion-de-augas-residuais\/","og_locale":"es_ES","og_type":"article","og_title":"Tasa de depuraci\u00f3n de aguas residuales | Concello de Beade","og_description":"-","og_url":"https:\/\/beade.es\/es\/documentos\/taxa-de-depuracion-de-augas-residuais\/","og_site_name":"Concello de Beade","article_modified_time":"2018-02-02T16:37:17+00:00","twitter_card":"summary_large_image","schema":{"@context":"https:\/\/schema.org","@graph":[{"@type":"WebPage","@id":"https:\/\/beade.es\/es\/documentos\/taxa-de-depuracion-de-augas-residuais\/","url":"https:\/\/beade.es\/es\/documentos\/taxa-de-depuracion-de-augas-residuais\/","name":"Tasa de depuraci\u00f3n de aguas residuales | Concello de Beade","isPartOf":{"@id":"https:\/\/beade.es\/#website"},"datePublished":"2017-01-31T19:06:18+00:00","dateModified":"2018-02-02T16:37:17+00:00","breadcrumb":{"@id":"https:\/\/beade.es\/es\/documentos\/taxa-de-depuracion-de-augas-residuais\/#breadcrumb"},"inLanguage":"es","potentialAction":[{"@type":"ReadAction","target":["https:\/\/beade.es\/es\/documentos\/taxa-de-depuracion-de-augas-residuais\/"]}]},{"@type":"BreadcrumbList","@id":"https:\/\/beade.es\/es\/documentos\/taxa-de-depuracion-de-augas-residuais\/#breadcrumb","itemListElement":[{"@type":"ListItem","position":1,"name":"Portada","item":"https:\/\/beade.es\/es\/frontpage\/"},{"@type":"ListItem","position":2,"name":"Documentos","item":"https:\/\/beade.es\/documentos\/"},{"@type":"ListItem","position":3,"name":"Tasa de depuraci\u00f3n de aguas residuales"}]},{"@type":"WebSite","@id":"https:\/\/beade.es\/#website","url":"https:\/\/beade.es\/","name":"Concello de Beade","description":"P\u00e1xina oficial do Concello de Beade","publisher":{"@id":"https:\/\/beade.es\/#organization"},"potentialAction":[{"@type":"SearchAction","target":{"@type":"EntryPoint","urlTemplate":"https:\/\/beade.es\/?s={search_term_string}"},"query-input":"required name=search_term_string"}],"inLanguage":"es"},{"@type":"Organization","@id":"https:\/\/beade.es\/#organization","name":"Concello de Beade","url":"https:\/\/beade.es\/","logo":{"@type":"ImageObject","inLanguage":"es","@id":"https:\/\/beade.es\/#\/schema\/logo\/image\/","url":"https:\/\/beade.es\/wp-content\/uploads\/2018\/01\/logo-beade.png","contentUrl":"https:\/\/beade.es\/wp-content\/uploads\/2018\/01\/logo-beade.png","width":380,"height":110,"caption":"Concello de Beade"},"image":{"@id":"https:\/\/beade.es\/#\/schema\/logo\/image\/"}}]}},"_links":{"self":[{"href":"https:\/\/beade.es\/es\/wp-json\/wp\/v2\/lsvr_document\/789"}],"collection":[{"href":"https:\/\/beade.es\/es\/wp-json\/wp\/v2\/lsvr_document"}],"about":[{"href":"https:\/\/beade.es\/es\/wp-json\/wp\/v2\/types\/lsvr_document"}],"version-history":[{"count":2,"href":"https:\/\/beade.es\/es\/wp-json\/wp\/v2\/lsvr_document\/789\/revisions"}],"predecessor-version":[{"id":828,"href":"https:\/\/beade.es\/es\/wp-json\/wp\/v2\/lsvr_document\/789\/revisions\/828"}],"wp:attachment":[{"href":"https:\/\/beade.es\/es\/wp-json\/wp\/v2\/media?parent=789"}],"wp:term":[{"taxonomy":"lsvr_document_cat","embeddable":true,"href":"https:\/\/beade.es\/es\/wp-json\/wp\/v2\/lsvr_document_cat?post=789"},{"taxonomy":"lsvr_document_tag","embeddable":true,"href":"https:\/\/beade.es\/es\/wp-json\/wp\/v2\/lsvr_document_tag?post=789"}],"curies":[{"name":"wp","href":"https:\/\/api.w.org\/{rel}","templated":true}]}}

Tasa de depuración de aguas residuales

<p>Ordenanza reguladora de la tasa de depuración de aguas residuales.</p>
<p><strong>Tarifas:</strong></p>
<ul>
<li>Conexión red de saneameinto: 630,00 euros</li>
</ul>
<p>a) Uso doméstico: 0&#8217;20 euros/m3</p>
<p>b) Uso industrial: 0&#8217;45 euros/m3</p>
<p>c) Abonados de saneamiento que no lo sean de abastecemiento y que estén conectados al EDAR, colector o cualquier tubería de alcantarillado, se aplicarán mensualmente las siguientes cantidades fijas.</p>
<ul>
<li>Uso doméstico: 3 euros/mes</li>
<li>Uso industrial: 8 euros/mes</li>
</ul>
<p>&nbsp;</p>

<!-- This site is optimized with the Yoast SEO plugin v20.10 - https://yoast.com/wordpress/plugins/seo/ -->
<title>Tasa de depuración de aguas residuales | Concello de Beade</title>
<meta name="robots" content="index, follow, max-snippet:-1, max-image-preview:large, max-video-preview:-1" />
<link rel="canonical" href="https://beade.es/es/documentos/taxa-de-depuracion-de-augas-residuais/" />
<meta property="og:locale" content="es_ES" />
<meta property="og:type" content="article" />
<meta property="og:title" content="Tasa de depuración de aguas residuales | Concello de Beade" />
<meta property="og:description" content="-" />
<meta property="og:url" content="https://beade.es/es/documentos/taxa-de-depuracion-de-augas-residuais/" />
<meta property="og:site_name" content="Concello de Beade" />
<meta property="article:modified_time" content="2018-02-02T16:37:17+00:00" />
<meta name="twitter:card" content="summary_large_image" />
<script type="application/ld+json" class="yoast-schema-graph">{"@context":"https://schema.org","@graph":[{"@type":"WebPage","@id":"https://beade.es/es/documentos/taxa-de-depuracion-de-augas-residuais/","url":"https://beade.es/es/documentos/taxa-de-depuracion-de-augas-residuais/","name":"Tasa de depuración de aguas residuales | Concello de Beade","isPartOf":{"@id":"https://beade.es/#website"},"datePublished":"2017-01-31T19:06:18+00:00","dateModified":"2018-02-02T16:37:17+00:00","breadcrumb":{"@id":"https://beade.es/es/documentos/taxa-de-depuracion-de-augas-residuais/#breadcrumb"},"inLanguage":"es","potentialAction":[{"@type":"ReadAction","target":["https://beade.es/es/documentos/taxa-de-depuracion-de-augas-residuais/"]}]},{"@type":"BreadcrumbList","@id":"https://beade.es/es/documentos/taxa-de-depuracion-de-augas-residuais/#breadcrumb","itemListElement":[{"@type":"ListItem","position":1,"name":"Portada","item":"https://beade.es/es/frontpage/"},{"@type":"ListItem","position":2,"name":"Documentos","item":"https://beade.es/documentos/"},{"@type":"ListItem","position":3,"name":"Tasa de depuración de aguas residuales"}]},{"@type":"WebSite","@id":"https://beade.es/#website","url":"https://beade.es/","name":"Concello de Beade","description":"Páxina oficial do Concello de Beade","publisher":{"@id":"https://beade.es/#organization"},"potentialAction":[{"@type":"SearchAction","target":{"@type":"EntryPoint","urlTemplate":"https://beade.es/?s={search_term_string}"},"query-input":"required name=search_term_string"}],"inLanguage":"es"},{"@type":"Organization","@id":"https://beade.es/#organization","name":"Concello de Beade","url":"https://beade.es/","logo":{"@type":"ImageObject","inLanguage":"es","@id":"https://beade.es/#/schema/logo/image/","url":"https://beade.es/wp-content/uploads/2018/01/logo-beade.png","contentUrl":"https://beade.es/wp-content/uploads/2018/01/logo-beade.png","width":380,"height":110,"caption":"Concello de Beade"},"image":{"@id":"https://beade.es/#/schema/logo/image/"}}]}</script>
<!-- / Yoast SEO plugin. -->

Tasa de depuración de aguas residuales | Concello de Beade

Páxina oficial do Concello de Beade
