{"id":1361,"date":"2023-09-27T13:57:00","date_gmt":"2023-09-27T11:57:00","guid":{"rendered":"https:\/\/beade.es\/documentos\/bando-inicio-das-clases-de-pilates\/"},"modified":"2023-09-27T13:58:16","modified_gmt":"2023-09-27T11:58:16","slug":"bando-inicio-das-clases-de-pilates","status":"publish","type":"lsvr_document","link":"https:\/\/beade.es\/es\/documentos\/bando-inicio-das-clases-de-pilates\/","title":{"rendered":"Bando &#8211; inicio de las clases de pilates"},"content":{"rendered":"<p>Como viene siendo habitual en los \u00faltimos tiempos, el pr\u00f3ximo <span style=\"text-decoration: underline;\">martes, d\u00eda 3 de octubre<\/span>, se retomar\u00e1n, las clases de pilates en las Escuelas de Beade para todos los vecinos y vecinas que est\u00e9n interesados en asistir.<\/p>\n<p>La participaci\u00f3n en la actividad supondr\u00e1 el pago de <span style=\"text-decoration: underline;\">dos cuotas de 22,50 euros<\/span>. La primera de ellas, antes del comienzo de la actividad; y la segunda, antes de 31 de diciembre de 2023.<\/p>\n<p><strong>HORARIO:<\/strong> martes y jueves, a partir de las <span style=\"text-decoration: underline;\">20:30 h<\/span>.<\/p>\n<p><a href=\"https:\/\/beade.es\/wp-content\/uploads\/2023\/09\/20230927_Comunicacion_Bando-inicio-gimnasia.pdf\">Bando inicio clases pilates<\/a><\/p>\n","protected":false},"excerpt":{"rendered":"<p>Como viene siendo habitual en los \u00faltimos tiempos, el pr\u00f3ximo martes, d\u00eda 3 de octubre, se retomar\u00e1n, las clases de pilates en las Escuelas de Beade para todos los vecinos y vecinas que est\u00e9n interesados en asistir. La participaci\u00f3n en la actividad supondr\u00e1 el pago de dos cuotas de 22,50 euros. La primera de ellas, [&hellip;]<\/p>\n","protected":false},"template":"","meta":[],"lsvr_document_cat":[35],"lsvr_document_tag":[],"yoast_head":"<!-- This site is optimized with the Yoast SEO plugin v20.10 - https:\/\/yoast.com\/wordpress\/plugins\/seo\/ -->\n<title>Bando - inicio de las clases de pilates | Concello de Beade<\/title>\n<meta name=\"robots\" content=\"index, follow, max-snippet:-1, max-image-preview:large, max-video-preview:-1\" \/>\n<link rel=\"canonical\" href=\"https:\/\/beade.es\/es\/documentos\/bando-inicio-das-clases-de-pilates\/\" \/>\n<meta property=\"og:locale\" content=\"es_ES\" \/>\n<meta property=\"og:type\" content=\"article\" \/>\n<meta property=\"og:title\" content=\"Bando - inicio de las clases de pilates | Concello de Beade\" \/>\n<meta property=\"og:description\" content=\"Como viene siendo habitual en los \u00faltimos tiempos, el pr\u00f3ximo martes, d\u00eda 3 de octubre, se retomar\u00e1n, las clases de pilates en las Escuelas de Beade para todos los vecinos y vecinas que est\u00e9n interesados en asistir. La participaci\u00f3n en la actividad supondr\u00e1 el pago de dos cuotas de 22,50 euros. La primera de ellas, [&hellip;]\" \/>\n<meta property=\"og:url\" content=\"https:\/\/beade.es\/es\/documentos\/bando-inicio-das-clases-de-pilates\/\" \/>\n<meta property=\"og:site_name\" content=\"Concello de Beade\" \/>\n<meta property=\"article:modified_time\" content=\"2023-09-27T11:58:16+00:00\" \/>\n<meta name=\"twitter:card\" content=\"summary_large_image\" \/>\n<meta name=\"twitter:label1\" content=\"Tiempo de lectura\" \/>\n\t<meta name=\"twitter:data1\" content=\"1 minuto\" \/>\n<script type=\"application\/ld+json\" class=\"yoast-schema-graph\">{\"@context\":\"https:\/\/schema.org\",\"@graph\":[{\"@type\":\"WebPage\",\"@id\":\"https:\/\/beade.es\/es\/documentos\/bando-inicio-das-clases-de-pilates\/\",\"url\":\"https:\/\/beade.es\/es\/documentos\/bando-inicio-das-clases-de-pilates\/\",\"name\":\"Bando - inicio de las clases de pilates | Concello de Beade\",\"isPartOf\":{\"@id\":\"https:\/\/beade.es\/#website\"},\"datePublished\":\"2023-09-27T11:57:00+00:00\",\"dateModified\":\"2023-09-27T11:58:16+00:00\",\"breadcrumb\":{\"@id\":\"https:\/\/beade.es\/es\/documentos\/bando-inicio-das-clases-de-pilates\/#breadcrumb\"},\"inLanguage\":\"es\",\"potentialAction\":[{\"@type\":\"ReadAction\",\"target\":[\"https:\/\/beade.es\/es\/documentos\/bando-inicio-das-clases-de-pilates\/\"]}]},{\"@type\":\"BreadcrumbList\",\"@id\":\"https:\/\/beade.es\/es\/documentos\/bando-inicio-das-clases-de-pilates\/#breadcrumb\",\"itemListElement\":[{\"@type\":\"ListItem\",\"position\":1,\"name\":\"Portada\",\"item\":\"https:\/\/beade.es\/es\/frontpage\/\"},{\"@type\":\"ListItem\",\"position\":2,\"name\":\"Documentos\",\"item\":\"https:\/\/beade.es\/documentos\/\"},{\"@type\":\"ListItem\",\"position\":3,\"name\":\"Bando &#8211; inicio de las clases de pilates\"}]},{\"@type\":\"WebSite\",\"@id\":\"https:\/\/beade.es\/#website\",\"url\":\"https:\/\/beade.es\/\",\"name\":\"Concello de Beade\",\"description\":\"P\u00e1xina oficial do Concello de Beade\",\"publisher\":{\"@id\":\"https:\/\/beade.es\/#organization\"},\"potentialAction\":[{\"@type\":\"SearchAction\",\"target\":{\"@type\":\"EntryPoint\",\"urlTemplate\":\"https:\/\/beade.es\/?s={search_term_string}\"},\"query-input\":\"required name=search_term_string\"}],\"inLanguage\":\"es\"},{\"@type\":\"Organization\",\"@id\":\"https:\/\/beade.es\/#organization\",\"name\":\"Concello de Beade\",\"url\":\"https:\/\/beade.es\/\",\"logo\":{\"@type\":\"ImageObject\",\"inLanguage\":\"es\",\"@id\":\"https:\/\/beade.es\/#\/schema\/logo\/image\/\",\"url\":\"https:\/\/beade.es\/wp-content\/uploads\/2018\/01\/logo-beade.png\",\"contentUrl\":\"https:\/\/beade.es\/wp-content\/uploads\/2018\/01\/logo-beade.png\",\"width\":380,\"height\":110,\"caption\":\"Concello de Beade\"},\"image\":{\"@id\":\"https:\/\/beade.es\/#\/schema\/logo\/image\/\"}}]}<\/script>\n<!-- \/ Yoast SEO plugin. -->","yoast_head_json":{"title":"Bando - inicio de las clases de pilates | Concello de Beade","robots":{"index":"index","follow":"follow","max-snippet":"max-snippet:-1","max-image-preview":"max-image-preview:large","max-video-preview":"max-video-preview:-1"},"canonical":"https:\/\/beade.es\/es\/documentos\/bando-inicio-das-clases-de-pilates\/","og_locale":"es_ES","og_type":"article","og_title":"Bando - inicio de las clases de pilates | Concello de Beade","og_description":"Como viene siendo habitual en los \u00faltimos tiempos, el pr\u00f3ximo martes, d\u00eda 3 de octubre, se retomar\u00e1n, las clases de pilates en las Escuelas de Beade para todos los vecinos y vecinas que est\u00e9n interesados en asistir. La participaci\u00f3n en la actividad supondr\u00e1 el pago de dos cuotas de 22,50 euros. La primera de ellas, [&hellip;]","og_url":"https:\/\/beade.es\/es\/documentos\/bando-inicio-das-clases-de-pilates\/","og_site_name":"Concello de Beade","article_modified_time":"2023-09-27T11:58:16+00:00","twitter_card":"summary_large_image","twitter_misc":{"Tiempo de lectura":"1 minuto"},"schema":{"@context":"https:\/\/schema.org","@graph":[{"@type":"WebPage","@id":"https:\/\/beade.es\/es\/documentos\/bando-inicio-das-clases-de-pilates\/","url":"https:\/\/beade.es\/es\/documentos\/bando-inicio-das-clases-de-pilates\/","name":"Bando - inicio de las clases de pilates | Concello de Beade","isPartOf":{"@id":"https:\/\/beade.es\/#website"},"datePublished":"2023-09-27T11:57:00+00:00","dateModified":"2023-09-27T11:58:16+00:00","breadcrumb":{"@id":"https:\/\/beade.es\/es\/documentos\/bando-inicio-das-clases-de-pilates\/#breadcrumb"},"inLanguage":"es","potentialAction":[{"@type":"ReadAction","target":["https:\/\/beade.es\/es\/documentos\/bando-inicio-das-clases-de-pilates\/"]}]},{"@type":"BreadcrumbList","@id":"https:\/\/beade.es\/es\/documentos\/bando-inicio-das-clases-de-pilates\/#breadcrumb","itemListElement":[{"@type":"ListItem","position":1,"name":"Portada","item":"https:\/\/beade.es\/es\/frontpage\/"},{"@type":"ListItem","position":2,"name":"Documentos","item":"https:\/\/beade.es\/documentos\/"},{"@type":"ListItem","position":3,"name":"Bando &#8211; inicio de las clases de pilates"}]},{"@type":"WebSite","@id":"https:\/\/beade.es\/#website","url":"https:\/\/beade.es\/","name":"Concello de Beade","description":"P\u00e1xina oficial do Concello de Beade","publisher":{"@id":"https:\/\/beade.es\/#organization"},"potentialAction":[{"@type":"SearchAction","target":{"@type":"EntryPoint","urlTemplate":"https:\/\/beade.es\/?s={search_term_string}"},"query-input":"required name=search_term_string"}],"inLanguage":"es"},{"@type":"Organization","@id":"https:\/\/beade.es\/#organization","name":"Concello de Beade","url":"https:\/\/beade.es\/","logo":{"@type":"ImageObject","inLanguage":"es","@id":"https:\/\/beade.es\/#\/schema\/logo\/image\/","url":"https:\/\/beade.es\/wp-content\/uploads\/2018\/01\/logo-beade.png","contentUrl":"https:\/\/beade.es\/wp-content\/uploads\/2018\/01\/logo-beade.png","width":380,"height":110,"caption":"Concello de Beade"},"image":{"@id":"https:\/\/beade.es\/#\/schema\/logo\/image\/"}}]}},"_links":{"self":[{"href":"https:\/\/beade.es\/es\/wp-json\/wp\/v2\/lsvr_document\/1361"}],"collection":[{"href":"https:\/\/beade.es\/es\/wp-json\/wp\/v2\/lsvr_document"}],"about":[{"href":"https:\/\/beade.es\/es\/wp-json\/wp\/v2\/types\/lsvr_document"}],"version-history":[{"count":2,"href":"https:\/\/beade.es\/es\/wp-json\/wp\/v2\/lsvr_document\/1361\/revisions"}],"predecessor-version":[{"id":1363,"href":"https:\/\/beade.es\/es\/wp-json\/wp\/v2\/lsvr_document\/1361\/revisions\/1363"}],"wp:attachment":[{"href":"https:\/\/beade.es\/es\/wp-json\/wp\/v2\/media?parent=1361"}],"wp:term":[{"taxonomy":"lsvr_document_cat","embeddable":true,"href":"https:\/\/beade.es\/es\/wp-json\/wp\/v2\/lsvr_document_cat?post=1361"},{"taxonomy":"lsvr_document_tag","embeddable":true,"href":"https:\/\/beade.es\/es\/wp-json\/wp\/v2\/lsvr_document_tag?post=1361"}],"curies":[{"name":"wp","href":"https:\/\/api.w.org\/{rel}","templated":true}]}}

<p>Como viene siendo habitual en los últimos tiempos, el próximo <span style="text-decoration: underline;">martes, día 3 de octubre</span>, se retomarán, las clases de pilates en las Escuelas de Beade para todos los vecinos y vecinas que estén interesados en asistir.</p>
<p>La participación en la actividad supondrá el pago de <span style="text-decoration: underline;">dos cuotas de 22,50 euros</span>. La primera de ellas, antes del comienzo de la actividad; y la segunda, antes de 31 de diciembre de 2023.</p>
<p><strong>HORARIO:</strong> martes y jueves, a partir de las <span style="text-decoration: underline;">20:30 h</span>.</p>
<p><a href="https://beade.es/wp-content/uploads/2023/09/20230927_Comunicacion_Bando-inicio-gimnasia.pdf">Bando inicio clases pilates</a></p>

<p>Como viene siendo habitual en los últimos tiempos, el próximo martes, día 3 de octubre, se retomarán, las clases de pilates en las Escuelas de Beade para todos los vecinos y vecinas que estén interesados en asistir. La participación en la actividad supondrá el pago de dos cuotas de 22,50 euros. La primera de ellas, [&hellip;]</p>

<!-- This site is optimized with the Yoast SEO plugin v20.10 - https://yoast.com/wordpress/plugins/seo/ -->
<title>Bando - inicio de las clases de pilates | Concello de Beade</title>
<meta name="robots" content="index, follow, max-snippet:-1, max-image-preview:large, max-video-preview:-1" />
<link rel="canonical" href="https://beade.es/es/documentos/bando-inicio-das-clases-de-pilates/" />
<meta property="og:locale" content="es_ES" />
<meta property="og:type" content="article" />
<meta property="og:title" content="Bando - inicio de las clases de pilates | Concello de Beade" />
<meta property="og:description" content="Como viene siendo habitual en los últimos tiempos, el próximo martes, día 3 de octubre, se retomarán, las clases de pilates en las Escuelas de Beade para todos los vecinos y vecinas que estén interesados en asistir. La participación en la actividad supondrá el pago de dos cuotas de 22,50 euros. La primera de ellas, [&hellip;]" />
<meta property="og:url" content="https://beade.es/es/documentos/bando-inicio-das-clases-de-pilates/" />
<meta property="og:site_name" content="Concello de Beade" />
<meta property="article:modified_time" content="2023-09-27T11:58:16+00:00" />
<meta name="twitter:card" content="summary_large_image" />
<meta name="twitter:label1" content="Tiempo de lectura" />
	<meta name="twitter:data1" content="1 minuto" />
<script type="application/ld+json" class="yoast-schema-graph">{"@context":"https://schema.org","@graph":[{"@type":"WebPage","@id":"https://beade.es/es/documentos/bando-inicio-das-clases-de-pilates/","url":"https://beade.es/es/documentos/bando-inicio-das-clases-de-pilates/","name":"Bando - inicio de las clases de pilates | Concello de Beade","isPartOf":{"@id":"https://beade.es/#website"},"datePublished":"2023-09-27T11:57:00+00:00","dateModified":"2023-09-27T11:58:16+00:00","breadcrumb":{"@id":"https://beade.es/es/documentos/bando-inicio-das-clases-de-pilates/#breadcrumb"},"inLanguage":"es","potentialAction":[{"@type":"ReadAction","target":["https://beade.es/es/documentos/bando-inicio-das-clases-de-pilates/"]}]},{"@type":"BreadcrumbList","@id":"https://beade.es/es/documentos/bando-inicio-das-clases-de-pilates/#breadcrumb","itemListElement":[{"@type":"ListItem","position":1,"name":"Portada","item":"https://beade.es/es/frontpage/"},{"@type":"ListItem","position":2,"name":"Documentos","item":"https://beade.es/documentos/"},{"@type":"ListItem","position":3,"name":"Bando &#8211; inicio de las clases de pilates"}]},{"@type":"WebSite","@id":"https://beade.es/#website","url":"https://beade.es/","name":"Concello de Beade","description":"Páxina oficial do Concello de Beade","publisher":{"@id":"https://beade.es/#organization"},"potentialAction":[{"@type":"SearchAction","target":{"@type":"EntryPoint","urlTemplate":"https://beade.es/?s={search_term_string}"},"query-input":"required name=search_term_string"}],"inLanguage":"es"},{"@type":"Organization","@id":"https://beade.es/#organization","name":"Concello de Beade","url":"https://beade.es/","logo":{"@type":"ImageObject","inLanguage":"es","@id":"https://beade.es/#/schema/logo/image/","url":"https://beade.es/wp-content/uploads/2018/01/logo-beade.png","contentUrl":"https://beade.es/wp-content/uploads/2018/01/logo-beade.png","width":380,"height":110,"caption":"Concello de Beade"},"image":{"@id":"https://beade.es/#/schema/logo/image/"}}]}</script>
<!-- / Yoast SEO plugin. -->

Como viene siendo habitual en los últimos tiempos, el próximo martes, día 3 de octubre, se retomarán, las clases de pilates en las Escuelas de Beade para todos los vecinos y vecinas que estén interesados en asistir. La participación en la actividad supondrá el pago de dos cuotas de 22,50 euros. La primera de ellas, [&hellip;]

Páxina oficial do Concello de Beade
