{"id":1343,"date":"2023-09-25T13:28:20","date_gmt":"2023-09-25T11:28:20","guid":{"rendered":"https:\/\/beade.es\/documentos\/bando-cortes-por-obras-de-abastecemento\/"},"modified":"2023-09-25T13:29:55","modified_gmt":"2023-09-25T11:29:55","slug":"bando-cortes-por-obras-de-abastecemento","status":"publish","type":"lsvr_document","link":"https:\/\/beade.es\/es\/documentos\/bando-cortes-por-obras-de-abastecemento\/","title":{"rendered":"Bando &#8211; cortes por obras de abastecimiento"},"content":{"rendered":"<p>Se informa que el Ayuntamiento de Beade est\u00e1 haciendo una serie de obras de abastecimiento que supondr\u00e1n el corte de la zona comprendida entre el Caf\u00e9 Bar Celta y el cruce das Fontelas.<\/p>\n<p>Del mismo modo, seg\u00fan vayan avanzando las obras, tambi\u00e9n se ver\u00e1n afectadas las siguientes zonas:<\/p>\n<ul>\n<li>Desde lo cruce de la Galluda, bajando por las escaleras, hasta la casa de Moncho Soto.<\/li>\n<li>Desde lo cruce de la Portela hasta la bodega de Vinagres del Ribeiro.<\/li>\n<\/ul>\n<p>Rogamos tengan en consideraci\u00f3n estas circunstancias y disculpen las molestias.<\/p>\n<p><a href=\"https:\/\/beade.es\/wp-content\/uploads\/2023\/09\/20230925_Resolucion_Decreto-de-Alcaldia-_-Decreto-de-Presidencia-_Bando-obras.pdf\">Bando &#8211; obras abastecimiento<\/a><\/p>\n","protected":false},"excerpt":{"rendered":"<p>Se informa que el Ayuntamiento de Beade est\u00e1 haciendo una serie de obras de abastecimiento que supondr\u00e1n el corte de la zona comprendida entre el Caf\u00e9 Bar Celta y el cruce das Fontelas. Del mismo modo, seg\u00fan vayan avanzando las obras, tambi\u00e9n se ver\u00e1n afectadas las siguientes zonas: Desde lo cruce de la Galluda, bajando [&hellip;]<\/p>\n","protected":false},"template":"","meta":[],"lsvr_document_cat":[35],"lsvr_document_tag":[],"yoast_head":"<!-- This site is optimized with the Yoast SEO plugin v20.10 - https:\/\/yoast.com\/wordpress\/plugins\/seo\/ -->\n<title>Bando - cortes por obras de abastecimiento | Concello de Beade<\/title>\n<meta name=\"robots\" content=\"index, follow, max-snippet:-1, max-image-preview:large, max-video-preview:-1\" \/>\n<link rel=\"canonical\" href=\"https:\/\/beade.es\/es\/documentos\/bando-cortes-por-obras-de-abastecemento\/\" \/>\n<meta property=\"og:locale\" content=\"es_ES\" \/>\n<meta property=\"og:type\" content=\"article\" \/>\n<meta property=\"og:title\" content=\"Bando - cortes por obras de abastecimiento | Concello de Beade\" \/>\n<meta property=\"og:description\" content=\"Se informa que el Ayuntamiento de Beade est\u00e1 haciendo una serie de obras de abastecimiento que supondr\u00e1n el corte de la zona comprendida entre el Caf\u00e9 Bar Celta y el cruce das Fontelas. Del mismo modo, seg\u00fan vayan avanzando las obras, tambi\u00e9n se ver\u00e1n afectadas las siguientes zonas: Desde lo cruce de la Galluda, bajando [&hellip;]\" \/>\n<meta property=\"og:url\" content=\"https:\/\/beade.es\/es\/documentos\/bando-cortes-por-obras-de-abastecemento\/\" \/>\n<meta property=\"og:site_name\" content=\"Concello de Beade\" \/>\n<meta property=\"article:modified_time\" content=\"2023-09-25T11:29:55+00:00\" \/>\n<meta name=\"twitter:card\" content=\"summary_large_image\" \/>\n<meta name=\"twitter:label1\" content=\"Tiempo de lectura\" \/>\n\t<meta name=\"twitter:data1\" content=\"1 minuto\" \/>\n<script type=\"application\/ld+json\" class=\"yoast-schema-graph\">{\"@context\":\"https:\/\/schema.org\",\"@graph\":[{\"@type\":\"WebPage\",\"@id\":\"https:\/\/beade.es\/es\/documentos\/bando-cortes-por-obras-de-abastecemento\/\",\"url\":\"https:\/\/beade.es\/es\/documentos\/bando-cortes-por-obras-de-abastecemento\/\",\"name\":\"Bando - cortes por obras de abastecimiento | Concello de Beade\",\"isPartOf\":{\"@id\":\"https:\/\/beade.es\/#website\"},\"datePublished\":\"2023-09-25T11:28:20+00:00\",\"dateModified\":\"2023-09-25T11:29:55+00:00\",\"breadcrumb\":{\"@id\":\"https:\/\/beade.es\/es\/documentos\/bando-cortes-por-obras-de-abastecemento\/#breadcrumb\"},\"inLanguage\":\"es\",\"potentialAction\":[{\"@type\":\"ReadAction\",\"target\":[\"https:\/\/beade.es\/es\/documentos\/bando-cortes-por-obras-de-abastecemento\/\"]}]},{\"@type\":\"BreadcrumbList\",\"@id\":\"https:\/\/beade.es\/es\/documentos\/bando-cortes-por-obras-de-abastecemento\/#breadcrumb\",\"itemListElement\":[{\"@type\":\"ListItem\",\"position\":1,\"name\":\"Portada\",\"item\":\"https:\/\/beade.es\/es\/frontpage\/\"},{\"@type\":\"ListItem\",\"position\":2,\"name\":\"Documentos\",\"item\":\"https:\/\/beade.es\/documentos\/\"},{\"@type\":\"ListItem\",\"position\":3,\"name\":\"Bando &#8211; cortes por obras de abastecimiento\"}]},{\"@type\":\"WebSite\",\"@id\":\"https:\/\/beade.es\/#website\",\"url\":\"https:\/\/beade.es\/\",\"name\":\"Concello de Beade\",\"description\":\"P\u00e1xina oficial do Concello de Beade\",\"publisher\":{\"@id\":\"https:\/\/beade.es\/#organization\"},\"potentialAction\":[{\"@type\":\"SearchAction\",\"target\":{\"@type\":\"EntryPoint\",\"urlTemplate\":\"https:\/\/beade.es\/?s={search_term_string}\"},\"query-input\":\"required name=search_term_string\"}],\"inLanguage\":\"es\"},{\"@type\":\"Organization\",\"@id\":\"https:\/\/beade.es\/#organization\",\"name\":\"Concello de Beade\",\"url\":\"https:\/\/beade.es\/\",\"logo\":{\"@type\":\"ImageObject\",\"inLanguage\":\"es\",\"@id\":\"https:\/\/beade.es\/#\/schema\/logo\/image\/\",\"url\":\"https:\/\/beade.es\/wp-content\/uploads\/2018\/01\/logo-beade.png\",\"contentUrl\":\"https:\/\/beade.es\/wp-content\/uploads\/2018\/01\/logo-beade.png\",\"width\":380,\"height\":110,\"caption\":\"Concello de Beade\"},\"image\":{\"@id\":\"https:\/\/beade.es\/#\/schema\/logo\/image\/\"}}]}<\/script>\n<!-- \/ Yoast SEO plugin. -->","yoast_head_json":{"title":"Bando - cortes por obras de abastecimiento | Concello de Beade","robots":{"index":"index","follow":"follow","max-snippet":"max-snippet:-1","max-image-preview":"max-image-preview:large","max-video-preview":"max-video-preview:-1"},"canonical":"https:\/\/beade.es\/es\/documentos\/bando-cortes-por-obras-de-abastecemento\/","og_locale":"es_ES","og_type":"article","og_title":"Bando - cortes por obras de abastecimiento | Concello de Beade","og_description":"Se informa que el Ayuntamiento de Beade est\u00e1 haciendo una serie de obras de abastecimiento que supondr\u00e1n el corte de la zona comprendida entre el Caf\u00e9 Bar Celta y el cruce das Fontelas. Del mismo modo, seg\u00fan vayan avanzando las obras, tambi\u00e9n se ver\u00e1n afectadas las siguientes zonas: Desde lo cruce de la Galluda, bajando [&hellip;]","og_url":"https:\/\/beade.es\/es\/documentos\/bando-cortes-por-obras-de-abastecemento\/","og_site_name":"Concello de Beade","article_modified_time":"2023-09-25T11:29:55+00:00","twitter_card":"summary_large_image","twitter_misc":{"Tiempo de lectura":"1 minuto"},"schema":{"@context":"https:\/\/schema.org","@graph":[{"@type":"WebPage","@id":"https:\/\/beade.es\/es\/documentos\/bando-cortes-por-obras-de-abastecemento\/","url":"https:\/\/beade.es\/es\/documentos\/bando-cortes-por-obras-de-abastecemento\/","name":"Bando - cortes por obras de abastecimiento | Concello de Beade","isPartOf":{"@id":"https:\/\/beade.es\/#website"},"datePublished":"2023-09-25T11:28:20+00:00","dateModified":"2023-09-25T11:29:55+00:00","breadcrumb":{"@id":"https:\/\/beade.es\/es\/documentos\/bando-cortes-por-obras-de-abastecemento\/#breadcrumb"},"inLanguage":"es","potentialAction":[{"@type":"ReadAction","target":["https:\/\/beade.es\/es\/documentos\/bando-cortes-por-obras-de-abastecemento\/"]}]},{"@type":"BreadcrumbList","@id":"https:\/\/beade.es\/es\/documentos\/bando-cortes-por-obras-de-abastecemento\/#breadcrumb","itemListElement":[{"@type":"ListItem","position":1,"name":"Portada","item":"https:\/\/beade.es\/es\/frontpage\/"},{"@type":"ListItem","position":2,"name":"Documentos","item":"https:\/\/beade.es\/documentos\/"},{"@type":"ListItem","position":3,"name":"Bando &#8211; cortes por obras de abastecimiento"}]},{"@type":"WebSite","@id":"https:\/\/beade.es\/#website","url":"https:\/\/beade.es\/","name":"Concello de Beade","description":"P\u00e1xina oficial do Concello de Beade","publisher":{"@id":"https:\/\/beade.es\/#organization"},"potentialAction":[{"@type":"SearchAction","target":{"@type":"EntryPoint","urlTemplate":"https:\/\/beade.es\/?s={search_term_string}"},"query-input":"required name=search_term_string"}],"inLanguage":"es"},{"@type":"Organization","@id":"https:\/\/beade.es\/#organization","name":"Concello de Beade","url":"https:\/\/beade.es\/","logo":{"@type":"ImageObject","inLanguage":"es","@id":"https:\/\/beade.es\/#\/schema\/logo\/image\/","url":"https:\/\/beade.es\/wp-content\/uploads\/2018\/01\/logo-beade.png","contentUrl":"https:\/\/beade.es\/wp-content\/uploads\/2018\/01\/logo-beade.png","width":380,"height":110,"caption":"Concello de Beade"},"image":{"@id":"https:\/\/beade.es\/#\/schema\/logo\/image\/"}}]}},"_links":{"self":[{"href":"https:\/\/beade.es\/es\/wp-json\/wp\/v2\/lsvr_document\/1343"}],"collection":[{"href":"https:\/\/beade.es\/es\/wp-json\/wp\/v2\/lsvr_document"}],"about":[{"href":"https:\/\/beade.es\/es\/wp-json\/wp\/v2\/types\/lsvr_document"}],"version-history":[{"count":2,"href":"https:\/\/beade.es\/es\/wp-json\/wp\/v2\/lsvr_document\/1343\/revisions"}],"predecessor-version":[{"id":1345,"href":"https:\/\/beade.es\/es\/wp-json\/wp\/v2\/lsvr_document\/1343\/revisions\/1345"}],"wp:attachment":[{"href":"https:\/\/beade.es\/es\/wp-json\/wp\/v2\/media?parent=1343"}],"wp:term":[{"taxonomy":"lsvr_document_cat","embeddable":true,"href":"https:\/\/beade.es\/es\/wp-json\/wp\/v2\/lsvr_document_cat?post=1343"},{"taxonomy":"lsvr_document_tag","embeddable":true,"href":"https:\/\/beade.es\/es\/wp-json\/wp\/v2\/lsvr_document_tag?post=1343"}],"curies":[{"name":"wp","href":"https:\/\/api.w.org\/{rel}","templated":true}]}}

<p>Se informa que el Ayuntamiento de Beade está haciendo una serie de obras de abastecimiento que supondrán el corte de la zona comprendida entre el Café Bar Celta y el cruce das Fontelas.</p>
<p>Del mismo modo, según vayan avanzando las obras, también se verán afectadas las siguientes zonas:</p>
<ul>
<li>Desde lo cruce de la Galluda, bajando por las escaleras, hasta la casa de Moncho Soto.</li>
<li>Desde lo cruce de la Portela hasta la bodega de Vinagres del Ribeiro.</li>
</ul>
<p>Rogamos tengan en consideración estas circunstancias y disculpen las molestias.</p>
<p><a href="https://beade.es/wp-content/uploads/2023/09/20230925_Resolucion_Decreto-de-Alcaldia-_-Decreto-de-Presidencia-_Bando-obras.pdf">Bando &#8211; obras abastecimiento</a></p>

<p>Se informa que el Ayuntamiento de Beade está haciendo una serie de obras de abastecimiento que supondrán el corte de la zona comprendida entre el Café Bar Celta y el cruce das Fontelas. Del mismo modo, según vayan avanzando las obras, también se verán afectadas las siguientes zonas: Desde lo cruce de la Galluda, bajando [&hellip;]</p>

<!-- This site is optimized with the Yoast SEO plugin v20.10 - https://yoast.com/wordpress/plugins/seo/ -->
<title>Bando - cortes por obras de abastecimiento | Concello de Beade</title>
<meta name="robots" content="index, follow, max-snippet:-1, max-image-preview:large, max-video-preview:-1" />
<link rel="canonical" href="https://beade.es/es/documentos/bando-cortes-por-obras-de-abastecemento/" />
<meta property="og:locale" content="es_ES" />
<meta property="og:type" content="article" />
<meta property="og:title" content="Bando - cortes por obras de abastecimiento | Concello de Beade" />
<meta property="og:description" content="Se informa que el Ayuntamiento de Beade está haciendo una serie de obras de abastecimiento que supondrán el corte de la zona comprendida entre el Café Bar Celta y el cruce das Fontelas. Del mismo modo, según vayan avanzando las obras, también se verán afectadas las siguientes zonas: Desde lo cruce de la Galluda, bajando [&hellip;]" />
<meta property="og:url" content="https://beade.es/es/documentos/bando-cortes-por-obras-de-abastecemento/" />
<meta property="og:site_name" content="Concello de Beade" />
<meta property="article:modified_time" content="2023-09-25T11:29:55+00:00" />
<meta name="twitter:card" content="summary_large_image" />
<meta name="twitter:label1" content="Tiempo de lectura" />
	<meta name="twitter:data1" content="1 minuto" />
<script type="application/ld+json" class="yoast-schema-graph">{"@context":"https://schema.org","@graph":[{"@type":"WebPage","@id":"https://beade.es/es/documentos/bando-cortes-por-obras-de-abastecemento/","url":"https://beade.es/es/documentos/bando-cortes-por-obras-de-abastecemento/","name":"Bando - cortes por obras de abastecimiento | Concello de Beade","isPartOf":{"@id":"https://beade.es/#website"},"datePublished":"2023-09-25T11:28:20+00:00","dateModified":"2023-09-25T11:29:55+00:00","breadcrumb":{"@id":"https://beade.es/es/documentos/bando-cortes-por-obras-de-abastecemento/#breadcrumb"},"inLanguage":"es","potentialAction":[{"@type":"ReadAction","target":["https://beade.es/es/documentos/bando-cortes-por-obras-de-abastecemento/"]}]},{"@type":"BreadcrumbList","@id":"https://beade.es/es/documentos/bando-cortes-por-obras-de-abastecemento/#breadcrumb","itemListElement":[{"@type":"ListItem","position":1,"name":"Portada","item":"https://beade.es/es/frontpage/"},{"@type":"ListItem","position":2,"name":"Documentos","item":"https://beade.es/documentos/"},{"@type":"ListItem","position":3,"name":"Bando &#8211; cortes por obras de abastecimiento"}]},{"@type":"WebSite","@id":"https://beade.es/#website","url":"https://beade.es/","name":"Concello de Beade","description":"Páxina oficial do Concello de Beade","publisher":{"@id":"https://beade.es/#organization"},"potentialAction":[{"@type":"SearchAction","target":{"@type":"EntryPoint","urlTemplate":"https://beade.es/?s={search_term_string}"},"query-input":"required name=search_term_string"}],"inLanguage":"es"},{"@type":"Organization","@id":"https://beade.es/#organization","name":"Concello de Beade","url":"https://beade.es/","logo":{"@type":"ImageObject","inLanguage":"es","@id":"https://beade.es/#/schema/logo/image/","url":"https://beade.es/wp-content/uploads/2018/01/logo-beade.png","contentUrl":"https://beade.es/wp-content/uploads/2018/01/logo-beade.png","width":380,"height":110,"caption":"Concello de Beade"},"image":{"@id":"https://beade.es/#/schema/logo/image/"}}]}</script>
<!-- / Yoast SEO plugin. -->

Se informa que el Ayuntamiento de Beade está haciendo una serie de obras de abastecimiento que supondrán el corte de la zona comprendida entre el Café Bar Celta y el cruce das Fontelas. Del mismo modo, según vayan avanzando las obras, también se verán afectadas las siguientes zonas: Desde lo cruce de la Galluda, bajando [&hellip;]

Páxina oficial do Concello de Beade
