{"version":"1.0","provider_name":"Concello de Beade","provider_url":"https:\/\/beade.es\/es\/","title":"Oficina de ayuda por los incendios forestales | Concello de Beade","type":"rich","width":600,"height":338,"html":"<blockquote class=\"wp-embedded-content\" data-secret=\"HE4wmbSPn1\"><a href=\"https:\/\/beade.es\/es\/oficina-de-axuda-polos-incendios-forestais\/\">Oficina de ayuda por los incendios forestales<\/a><\/blockquote><iframe sandbox=\"allow-scripts\" security=\"restricted\" src=\"https:\/\/beade.es\/es\/oficina-de-axuda-polos-incendios-forestais\/embed\/#?secret=HE4wmbSPn1\" width=\"600\" height=\"338\" title=\"\u00abOficina de ayuda por los incendios forestales\u00bb \u2014 Concello de Beade\" data-secret=\"HE4wmbSPn1\" frameborder=\"0\" marginwidth=\"0\" marginheight=\"0\" scrolling=\"no\" class=\"wp-embedded-content\"><\/iframe><script type=\"text\/javascript\">\n\/*! This file is auto-generated *\/\n!function(c,d){\"use strict\";var e=!1,o=!1;if(d.querySelector)if(c.addEventListener)e=!0;if(c.wp=c.wp||{},c.wp.receiveEmbedMessage);else if(c.wp.receiveEmbedMessage=function(e){var t=e.data;if(!t);else if(!(t.secret||t.message||t.value));else if(\/[^a-zA-Z0-9]\/.test(t.secret));else{for(var r,s,a,i=d.querySelectorAll('iframe[data-secret=\"'+t.secret+'\"]'),n=d.querySelectorAll('blockquote[data-secret=\"'+t.secret+'\"]'),o=new RegExp(\"^https?:$\",\"i\"),l=0;l<n.length;l++)n[l].style.display=\"none\";for(l=0;l<i.length;l++)if(r=i[l],e.source!==r.contentWindow);else{if(r.removeAttribute(\"style\"),\"height\"===t.message){if(1e3<(s=parseInt(t.value,10)))s=1e3;else if(~~s<200)s=200;r.height=s}if(\"link\"===t.message)if(s=d.createElement(\"a\"),a=d.createElement(\"a\"),s.href=r.getAttribute(\"src\"),a.href=t.value,!o.test(a.protocol));else if(a.host===s.host)if(d.activeElement===r)c.top.location.href=t.value}}},e)c.addEventListener(\"message\",c.wp.receiveEmbedMessage,!1),d.addEventListener(\"DOMContentLoaded\",t,!1),c.addEventListener(\"load\",t,!1);function t(){if(o);else{o=!0;for(var e,t,r,s=-1!==navigator.appVersion.indexOf(\"MSIE 10\"),a=!!navigator.userAgent.match(\/Trident.*rv:11\\.\/),i=d.querySelectorAll(\"iframe.wp-embedded-content\"),n=0;n<i.length;n++){if(!(r=(t=i[n]).getAttribute(\"data-secret\")))r=Math.random().toString(36).substr(2,10),t.src+=\"#?secret=\"+r,t.setAttribute(\"data-secret\",r);if(s||a)(e=t.cloneNode(!0)).removeAttribute(\"security\"),t.parentNode.replaceChild(e,t);t.contentWindow.postMessage({message:\"ready\",secret:r},\"*\")}}}}(window,document);\n<\/script>\n","thumbnail_url":"https:\/\/beade.es\/wp-content\/uploads\/2025\/08\/incendios-forestales-EFE_2024-12-12-145408_hlvv.jpg","thumbnail_width":2400,"thumbnail_height":1350,"description":"Desde la Delegaci\u00f3n Territorial de la Xunta de Galicia en Ourense se informa, en el marco de las medidas impulsadas por la Xunta de Galicia para paliar los da\u00f1os derivados de los recientes incendios forestales, que se proceder\u00e1 a la instalaci\u00f3n de una oficina de atenci\u00f3n y gesti\u00f3n de estas ayudas en los alrededores de [&hellip;]"}

Desde la Delegación Territorial de la Xunta de Galicia en Ourense se informa, en el marco de las medidas impulsadas por la Xunta de Galicia para paliar los daños derivados de los recientes incendios forestales, que se procederá a la instalación de una oficina de atención y gestión de estas ayudas en los alrededores de [&hellip;]
